 = -10991 + b. Is j a prime number?
False
Is (1/(-4))/((-10)/(-245720))*-5 composite?
True
Let p(d) = -4*d**2 + 16*d - 79. Let l(s) = s**2 + 1. Let t(a) = 2*l(a) - p(a). Is t(15) a prime number?
False
Let k(j) = -4226*j - 1287. Is k(-16) a composite number?
True
Let r be (0/(-1))/(14 + -12). Let o = 3 - r. Suppose -2330 = -5*h + o*h. Is h prime?
False
Let y = 162 - 158. Suppose 309 = y*i - 127. Is i prime?
True
Let c(u) = u**3 - 10*u**2 + 13*u - 20. Let h be c(8). Let i = 69 + h. Suppose -3*m - 3*v + 764 = 2*v, -5*v - i = 0. Is m a composite number?
False
Let f be (350/21)/(1 + 193/(-195)). Let d = f - 1114. Let k = 1012 - d. Is k a composite number?
True
Let n(h) = -31469*h + 1132. Is n(-15) a prime number?
True
Suppose -173*j = -162*j - 309221. Let q = 6 - 2. Suppose -m + j = 5*p, 2*m + q = m. Is p prime?
True
Is (53 - -45684)/(2 - 1) a prime number?
True
Let b be 1*((-32380)/(-6) - (-12)/9). Suppose 17*l - 15*l - b = 0. Is l a composite number?
False
Let k be (2 + (-5 - 3))*4/(-6). Is 21209 + (0/2 - k) a prime number?
False
Suppose -2*c + 881 = -3*b - 571, -5*b + 2*c - 2420 = 0. Let v = 6081 - b. Suppose v = 6*g - g. Is g composite?
True
Let q be (4 + -1)*(0 - 2/(-1)). Let w be 0 + (2 - q) + (2474 - 5). Suppose 5*d + w = 10*d. Is d a composite number?
True
Let t(w) = 4*w**3 - 17*w**2 + 2*w + 21. Let u be t(7). Let l = 1735 + u. Is l a composite number?
False
Let g(h) = h**2 + 73*h + 140419. Is g(0) prime?
True
Suppose 8*l - 599 = -15719. Let n = 2692 + l. Is n a composite number?
True
Suppose 3*v + 40 = -v. Let z be (2 - (-15)/v)*8. Suppose -2*o = 2*o + z*j - 3492, 5*o - 4329 = 4*j. Is o a composite number?
True
Let o(s) = 96*s**2. Suppose -2 = 2*t + 8. Let x be o(t). Let w = x - 1199. Is w a composite number?
False
Suppose 0 = 74*f + 118*f - 37*f - 12197105. Is f a composite number?
False
Let y(j) = 35 + 36 + 21 - 43*j - 74. Is y(-7) a composite number?
True
Let p(y) = -1739*y - 6. Let i(o) = -9*o + 44. Let m be i(5). Is p(m) composite?
False
Let p(z) = 47*z**2 - 7*z + 14. Suppose 0 = 8*f - 37*f + 145. Is p(f) a composite number?
True
Let f(q) = 162*q - 27. Let m be f(-6). Let p = -539 - m. Suppose 575 = 5*o + 3*x, 3*o + o = 4*x + p. Is o composite?
True
Let l(q) be the second derivative of 5797*q**4/2 - 17*q**3/6 - 9*q**2 - 120*q. Is l(-1) a composite number?
False
Let z(a) = 9 - 44 + 12 + 9 + 7 + 1466*a. Is z(1) a composite number?
False
Suppose 4*f = 36, 47*n - 45*n - 4*f = 213946. Is n prime?
False
Let d(c) = -2493*c + 242971. Is d(0) prime?
True
Let x(y) = -y**3 - 5*y**2 - 4*y + 2. Let r be x(-4). Suppose -r*f + 2*j = -8668 - 340, 0 = -5*f - 5*j + 22470. Let n = 8286 - f. Is n composite?
True
Suppose 0 = -l + 6*l - 20. Suppose 0*s - 7*s = -l*s. Suppose -k + 187 + 24 = s. Is k prime?
True
Let c(i) = i**3 + 32*i**2 - 35*i - 62. Let h be c(-33). Suppose 3*y + 2*l = h*l + 3185, -2*l = -2*y + 2124. Is y prime?
True
Let n be 10*((-224)/35 + 7). Suppose n*v - 38*v = -768608. Is v prime?
True
Let t(d) = d**3 + d + 1. Let y(a) = 32*a**2 + 22*a + 47. Let m(v) = -2*t(v) - y(v). Is m(-24) a prime number?
True
Let u = 227878 + -135455. Is u a composite number?
True
Suppose 0 = 2*u + 6, -l - u + 17694 = -35384. Is l composite?
True
Suppose 3*i = q + 2*i - 23, -16 = -4*i. Let k(g) = g**2 - 28*g + 51. Let h be k(q). Let o = 31 + h. Is o prime?
False
Suppose -210 = 29*q - 26*q. Let l be (-8)/(-10) + (-84)/q. Suppose 0 = 6*m - l*m - 1012. Is m a composite number?
True
Let h(a) be the first derivative of -3*a**2/2 + 59*a - 34. Let f be h(18). Suppose -f*m - 8023 = -3*i, 0 = 4*i - 8*i - 4*m + 10740. Is i prime?
False
Let y(i) = -1217*i + 24. Let s(d) = -609*d + 13. Let n(p) = 5*s(p) - 2*y(p). Is n(-20) composite?
True
Let k(y) = -y**2 + y + 9. Let v = 55 - 52. Let h be k(v). Suppose -h*d - 2*b = 3*b - 18, -4*d - 4*b + 32 = 0. Is d a prime number?
True
Suppose 0 = -35*i + 31*i + 232. Is (-182990)/i*4/(-10) a composite number?
True
Let d = -1935 + 21283. Suppose 67*t = 61*t - 69186. Let f = t + d. Is f composite?
False
Let h(m) = -66*m**2 + 78 - 49 - m - 56. Let t(l) = -33*l**2 - 14. Let o(p) = -3*h(p) + 5*t(p). Is o(-4) a composite number?
True
Let y = -28142 - -48931. Is y a prime number?
True
Let w(t) = t**3 + 11*t**2 + 12*t + 17. Let p be w(-10). Let h(a) = a**3 + 3*a**2 - 2*a + 1. Let b be h(p). Suppose -2056 = 3*r - b*r. Is r a prime number?
False
Let l = 907 - 246. Suppose 0 = -2*q + l + 4297. Is q prime?
False
Suppose -3*l = 5*y - 60472, 4*l - 46*y = -50*y + 80624. Suppose 6*g - 15113 = 3*g + 4*n, 4*g - 2*n - l = 0. Is g a composite number?
False
Suppose -2*b - 5*t = -44557, 9099 - 75909 = -3*b + t. Is b a composite number?
False
Suppose -6 + 3 = -k. Suppose 0 = -2*b - 2*f - 2*f + 20, k*b = -2*f + 14. Is (705 - b) + (1 - (-1 + -2)) a prime number?
False
Let l = 992555 + -470832. Is l composite?
False
Let p(l) = 864*l**2 + l - 5. Let s be p(-3). Suppose -4*i - 2*w = -7772, -4*i - 6*w + s = -3*w. Is i a prime number?
False
Is 123853 - (-20)/18*(98 + -89) a composite number?
False
Suppose 0 = -5*i, 0 = 3*c - 6*c + 3*i + 104934. Is c a composite number?
True
Let t = 236550 + -87349. Suppose -t = 6*m - 19*m. Is m composite?
True
Let m(i) = -12311*i - 42. Let z be m(-2). Suppose 24751 = s + q, -s + 3*q + 187 + z = 0. Is s a composite number?
True
Let v be 0 - -2 - (2750 - 3). Suppose 1977 = -2*s + 11*w - 12*w, 0 = 4*s - w + 3939. Let a = s - v. Is a a prime number?
True
Let y(i) = 28078*i - 184. Let h be y(25). Suppose -48*p - 90102 = -h. Is p prime?
True
Let g = -2 - -5. Let h(c) = -6*c - 194 + 195 + 18*c. Is h(g) a prime number?
True
Let b be (-43)/(-86)*(-1 - 11). Is ((-5)/30 + 1036/(-3))*b prime?
False
Suppose 86598 = 82*l - 139804. Is l composite?
True
Suppose 2*i + 470920 = z + 150521, 4*z - 3*i - 1281611 = 0. Is z composite?
True
Suppose 0 = -4*z + 32*z + 163576. Let k = 10241 + z. Is k a composite number?
True
Let i(p) = p**2 + 11*p - 78. Let a be i(5). Suppose 0 = -3*m + 2*m + 4. Suppose 0 = 2*g + m*j - 1162, 3*j = -5*g + a*j + 2932. Is g a prime number?
True
Let g = -1086 + 864. Let i = g - -3320. Is i a composite number?
True
Let w = 166173 - -12580. Is w prime?
True
Suppose -250*g + 976620 + 19111855 = 25*g. Is g composite?
True
Let v = 4 - -15. Suppose z - v = 5*y, -z + 4*y = y - 13. Suppose -z*l = -7*l + 222. Is l a composite number?
True
Let i(r) = -r**2 + 21*r + 21. Let v = -69 + 90. Let j be i(v). Is 11509/8 - j/(-56) a prime number?
True
Let t be 14/(-3) + ((-12)/(-9))/2. Let j(x) = -3*x**3 + 13*x**2 - 8*x + 19. Let o(l) = 2*l**3 - 12*l**2 + 7*l - 19. Let g(i) = t*o(i) - 3*j(i). Is g(-7) prime?
False
Let r(t) be the third derivative of -25*t**4/6 - 20*t**3/3 - 29*t**2. Let d be r(19). Is -3 + d/(2/(-2)) a composite number?
True
Let s be (-3)/(-4*12/(-64))*-1. Suppose -2*o - s*b + 205 = -7*b, -5*o = -5*b - 500. Is o a prime number?
False
Let d(r) = -18*r**3 + 8*r**2 + 4*r - 1. Let j be d(-5). Let a be (-6185)/10 + (-2)/(-4). Let g = j + a. Is g a prime number?
True
Let h be 3/(-1) + 4 + 0. Let w(f) be the first derivative of 349*f**2 + 5*f + 1. Is w(h) prime?
False
Suppose 0 = -4*v + 16, 2*i + v + 4140 = 3*i. Suppose -i = -4*h - 0*h - 3*z, 4*z + 2094 = 2*h. Is h a composite number?
False
Let q(a) = 108*a**2 - 44*a - 233. Is q(22) composite?
False
Let u(n) = -8*n**2 - 37*n + 60. Let a be u(18). Is a/(-1) - (34 + -35) composite?
True
Let h = 803195 + -270794. Is h a prime number?
False
Suppose -89 = -3*b - 5*r, -5*r = 4*b - 173 + 61. Let d = -33 + b. Is (-345)/d*(-52)/(-6) prime?
False
Suppose 4*j - 5*n = 4577189, -440195 - 5281310 = -5*j + 10*n. Is j a prime number?
True
Let s(a) be the first derivative of -a**3/3 - a**2 - 7. Let u be s(1). Is u - (-4 + -312 + -4) composite?
False
Let d = 46 + -42. Suppose -3*o + 4*o + 3 = -5*r, 0 = d*r - o - 3. Suppose r = 12*z - 8*z - 4396. Is z composite?
True
Let n = 54348 - 35962. Suppose 4*h - 5691 = 5*y - n, 5*y - h - 12710 = 0. Is y composite?
False
Let f(y) = -2*y**3 - 207*y**2 + 88*y + 93. Is f(-104) a prime number?
False
Suppose 13162*g - 13192*g = -6553530. Is g prime?
False
Is 3 - (2*-24031 - (3 - (-12)/4)) a composite number?
True
Let t = 25786 - 12035. Is t prime?
True
Let n(a) = 9*a + 2. Let c be n(-1). Let m = c + 12. Suppose 5275 = k + 4*k - m*l, 0 = 5*l. Is k a composite number?
Tr